1
What is the greatest common divisor of 1989 and 94497?
39
What is the greatest common divisor of 7320 and 13156968?
1464
What is the greatest common divisor of 8 and 6409527688?
8
What is the greatest common divisor of 1414139 and 100619?
421
Calculate the greatest common factor of 1160 and 15643064.
232
Calculate the highest common divisor of 5139745 and 780.
65
What is the highest common factor of 76111200 and 576?
288
Calculate the highest common factor of 317846 and 149.
1
What is the greatest common divisor of 772072308 and 5976?
2988
What is the highest common factor of 17163 and 61094559?
5721
Calculate the greatest common divisor of 8 and 5016768.
8
What is the greatest common factor of 654390 and 67672?
22
Calculate the greatest common divisor of 1242 and 700764.
138
What is the highest common factor of 671869 and 123937?
6523
Calculate the highest common divisor of 21498800 and 344350.
3550
What is the highest common divisor of 14 and 95578?
14
Calculate the highest common divisor of 27 and 103463226.
9
Calculate the highest common factor of 234 and 2874131.
13
What is the highest common factor of 36 and 7624596?
12
Calculate the greatest common divisor of 12162 and 45462.
6
What is the greatest common factor of 787301 and 4718169?
1879
Calculate the highest common factor of 24066 and 447804.
126
What is the greatest common divisor of 8636 and 18269458?
4318
Calculate the greatest common divisor of 4345 and 6674789.
869
What is the highest common divisor of 281501 and 37327?
163
What is the highest common divisor of 75818692 and 3156?
1052
Calculate the greatest common factor of 72495895 and 895.
895
Calculate the greatest common divisor of 9254736 and 4968.
216
What is the highest common divisor of 224 and 413584?
16
What is the greatest common divisor of 6700 and 74588420?
1340
What is the highest common divisor of 81687 and 10293?
219
What is the highest common divisor of 18328 and 26505922?
158
What is the highest common factor of 3720 and 2648760?
120
Calculate the greatest common divisor of 740080 and 12672.
176
What is the greatest common divisor of 29564 and 1590034?
38
Calculate the highest common factor of 96224660 and 80.
20
Calculate the highest common divisor of 178 and 651967898.
178
Calculate the highest common divisor of 4620757744 and 38.
38
What is the highest common divisor of 13100 and 26425?
25
Calculate the greatest common divisor of 59583676 and 24052.
3436
Calculate the greatest common factor of 188887992 and 119583.
13287
Calculate the highest common divisor of 5056 and 101357.
79
What is the greatest common factor of 14256 and 20461824?
144
What is the greatest common divisor of 1467110 and 296670?
290
Calculate the greatest common factor of 5512669430 and 12085.
12085
Calculate the greatest common divisor of 75247 and 61.
1
Calculate the greatest common divisor of 5786 and 142663298.
526
Calculate the highest common divisor of 5761887 and 3586.
163
What is the greatest common divisor of 423 and 18076221?
9
Calculate the greatest common divisor of 624568 and 26866.
266
Calculate the highest common divisor of 358823380 and 1160.
580
What is the greatest common divisor of 375519 and 68941?
71
What is the greatest common factor of 376881109 and 3443?
3443
What is the greatest common factor of 358 and 739377042?
358
What is the greatest common factor of 5776 and 36336?
16
What is the highest common factor of 15 and 21663000?
15
Calculate the highest common divisor of 4307 and 45779929.
59
What is the highest common divisor of 1042549 and 1120582?
703
What is the highest common divisor of 57833761 and 3181?
3181
What is the highest common divisor of 4171 and 1619803?
97
Calculate the greatest common factor of 1332 and 9910812.
12
What is the highest common divisor of 10645660 and 160?
20
What is the highest common divisor of 192 and 10196256?
96
Calculate the highest common divisor of 2 and 11032394.
2
Calculate the greatest common divisor of 3425694 and 12.
6
Calculate the greatest common factor of 211808 and 42407933.
6619
What is the greatest common divisor of 45477 and 1612?
31
Calculate the greatest common factor of 10373 and 830507.
23
Calculate the greatest common divisor of 7895298 and 969.
57
Calculate the highest common factor of 489 and 28824.
3
Calculate the greatest common factor of 56 and 82831800.
8
Calculate the highest common factor of 65393448 and 6.
6
Calculate the greatest common divisor of 216611 and 1779051.
3551
What is the greatest common divisor of 15084 and 199116?
36
What is the greatest common divisor of 18413750 and 80?
10
Calculate the highest common divisor of 5768 and 28931464.
824
Calculate the greatest common factor of 145078 and 469872.
502
What is the highest common divisor of 4408 and 559716820?
2204
Calculate the highest common factor of 46049832 and 1557.
1557
What is the highest common factor of 23785346 and 1326?
442
Calculate the highest common factor of 2486238 and 64294.
122
What is the greatest common divisor of 1364 and 1113272?
124
What is the greatest common factor of 129 and 318866844?
129
What is the highest common divisor of 151 and 3182778?
151
What is the highest common factor of 14357148 and 104?
52
Calculate the highest common divisor of 1096538 and 4738.
206
Calculate the greatest common factor of 75782193 and 5961.
5961
Calculate the greatest common divisor of 4446 and 98754552.
4446
Calculate the greatest common factor of 88084 and 38308.
244
What is the highest common divisor of 247 and 1808287?
247
Calculate the highest common divisor of 24074859 and 276.
69
What is the greatest common divisor of 297964 and 1547402?
914
Calculate the highest common divisor of 2818 and 355537197.
1409
Calculate the greatest common factor of 62749 and 1439395.
479
What is the highest common divisor of 14202 and 5334?
6
What is the greatest common factor of 12573178 and 3088?
386
Calculate the greatest common factor of 874811 and 160223.
329
What is the greatest common factor of 1984389 and 66?
33
What is the highest common factor of 468 and 326043120?
156
What is the greatest common factor of 1561995 and 25647?
309
Calculate the highest common factor of 202233141 and 9636.
2409
What is the greatest common factor of 21329 and 27485325?
1939
What is the highest common divisor of 5248120246 and 226?
226
Calculate the greatest common factor of 15612246 and 35757.
1233
What is the highest common factor of 940452 and 9180?
12
What is the highest common factor of 1782 and 1131480009?
891
Calculate the highest common factor of 566376 and 12024.
24
Calculate the greatest common factor of 4 and 20599468.
4
What is the highest common factor of 428063 and 32093?
67
Calculate the highest common factor of 214469409 and 308.
77
What is the highest common divisor of 8875 and 23955?
5
Calculate the highest common divisor of 56540903 and 3971.
361
What is the greatest common factor of 36409266 and 18?
18
Calculate the highest common factor of 19054 and 1316.
14
What is the highest common divisor of 62859 and 76521?
69
Calculate the highest common divisor of 145482218 and 1502.
1502
Calculate the greatest common divisor of 3888 and 56184624.
432
Calculate the greatest common divisor of 162 and 366298.
2
Calculate the greatest common divisor of 6639735 and 1023.
93
What is the highest common divisor of 36 and 346098?
6
What is the greatest common divisor of 4537638 and 24822?
126
Calculate the greatest common factor of 1483762 and 1218.
14
What is the highest common divisor of 206272 and 121308?
44
What is the highest common factor of 18630 and 129886290?
2070
What is the highest common divisor of 13869200 and 6?
2
Calculate the highest common factor of 2028168 and 588.
12
Calculate the greatest common factor of 10281 and 492016.
23
Calculate the greatest common factor of 18 and 4616030.
2
Calculate the greatest common factor of 8920 and 417310.
10
Calculate the greatest common factor of 390660 and 4695.
15
What is the greatest common divisor of 7210 and 5755640?
1030
Calculate the highest common factor of 172796912 and 4.
4
What is the greatest common factor of 381 and 159701484?
381
What is the highest common divisor of 26 and 2173483?
13
Calculate the highest common divisor of 4608 